156419 composite?
False
Is 10371769 prime?
False
Is 75123253 prime?
False
Is 1726229 prime?
False
Is 21161531 a composite number?
False
Is 892361551 composite?
False
Is 132387389 a composite number?
False
Is 2296313 composite?
True
Is 29076967 prime?
False
Is 38187671 composite?
False
Is 54079 a composite number?
True
Is 846161229 a composite number?
True
Is 178403803 composite?
True
Is 113297939 prime?
True
Is 403914617 composite?
False
Is 200568831 composite?
True
Is 1096267 prime?
True
Is 16143121 composite?
True
Is 124923 a prime number?
False
Is 23314327 a prime number?
False
Is 7316077 composite?
False
Is 2636059 a prime number?
True
Is 70995059 a composite number?
False
Is 580040999 composite?
False
Is 764501 a prime number?
True
Is 7614577 prime?
False
Is 76997 a composite number?
True
Is 1589794849 a prime number?
True
Is 399725791 prime?
True
Is 14754491 a composite number?
False
Is 38450953 a prime number?
True
Is 19846193 a prime number?
True
Is 11304599 a composite number?
True
Is 7526191 a composite number?
True
Is 1831711 a composite number?
True
Is 365551171 a composite number?
True
Is 1336373 a prime number?
False
Is 213587 a composite number?
True
Is 13424899 a prime number?
True
Is 2153147 a composite number?
True
Is 4866203 composite?
True
Is 1626673 a prime number?
True
Is 758249 a prime number?
False
Is 189695161 prime?
True
Is 143611 prime?
False
Is 8367763 prime?
False
Is 102643127 a prime number?
False
Is 6738565 composite?
True
Is 505245523 a composite number?
True
Is 1091359 a prime number?
True
Is 1589009 prime?
False
Is 482017 composite?
False
Is 722327 prime?
False
Is 2478977 a prime number?
False
Is 1020271 a composite number?
True
Is 21303467 composite?
False
Is 126527 prime?
False
Is 3291401 composite?
False
Is 8819113 prime?
True
Is 6276979 a composite number?
False
Is 9026179 a prime number?
True
Is 60180559 a prime number?
True
Is 4274363 prime?
False
Is 967159 a composite number?
True
Is 3476569 composite?
False
Is 924241 prime?
True
Is 15627677 a composite number?
True
Is 2965993 composite?
False
Is 12145753 composite?
False
Is 5633951 prime?
False
Is 50301727 prime?
False
Is 5633959 prime?
True
Is 1254473 a composite number?
True
Is 15443111 a composite number?
False
Is 106959287 a composite number?
True
Is 494873 composite?
False
Is 377814911 a composite number?
False
Is 8848453 a composite number?
False
Is 33007217 prime?
False
Is 10365947 composite?
True
Is 2286547 a composite number?
True
Is 18155183 composite?
True
Is 19267439 prime?
True
Is 1047361 a composite number?
True
Is 6224833 a composite number?
True
Is 5076131 prime?
False
Is 3669931 prime?
True
Is 2704597 composite?
True
Is 39493573 composite?
True
Is 20369309 composite?
False
Is 171691841 a composite number?
False
Is 21870451 prime?
True
Is 11310038 a composite number?
True
Is 253651693 prime?
False
Is 858647 a composite number?
True
Is 14343409 a composite number?
False
Is 3321401 composite?
False
Is 562498666 a prime number?
False
Is 4134023 a composite number?
False
Is 137078797 a prime number?
False
Is 807640949 composite?
True
Is 4396345 a prime number?
False
Is 26050639 composite?
False
Is 373899 a composite number?
True
Is 3572561 a prime number?
True
Is 1053709 prime?
False
Is 111577 composite?
False
Is 8156429 composite?
False
Is 17133869 a composite number?
False
Is 434399291 a prime number?
False
Is 778259 prime?
False
Is 39727 composite?
False
Is 558611 prime?
True
Is 5026613 composite?
False
Is 57709511 a prime number?
False
Is 1819931 a prime number?
True
Is 999359 a prime number?
True
Is 1055303 a composite number?
False
Is 555221 a prime number?
True
Is 297558161 prime?
False
Is 239466259 prime?
True
Is 149285321 composite?
False
Is 78969521 prime?
True
Is 27587141 prime?
False
Is 7609691 a prime number?
True
Is 76084885 prime?
False
Is 335120351 a composite number?
False
Is 5414837 prime?
False
Is 3243587 a composite number?
False
Is 5979693 a composite number?
True
Is 247297151 a prime number?
True
Is 115421 prime?
True
Is 1102810339 composite?
False
Is 21692903 prime?
True
Is 23751993 a prime number?
False
Is 250515347 a prime number?
True
Is 21245047 a prime number?
False
Is 18692897 a prime number?
True
Is 75982493 a composite number?
False
Is 17311643 composite?
False
Is 2030617 prime?
True
Is 11349049 composite?
True
Is 6676073 prime?
False
Is 10318103 a composite number?
True
Is 981645134 prime?
False
Is 22546817 a prime number?
True
Is 2946859 prime?
True
Is 79143793 composite?
False
Is 2899667 a composite number?
True
Is 1716971 composite?
False
Is 1933037 a prime number?
True
Is 1056793 composite?
False
Is 11025559 prime?
True
Is 6809302 composite?
True
Is 15246259 a composite number?
True
Is 17149933 prime?
False
Is 59323709 composite?
False
Is 1120423 a composite number?
False
Is 35344643 a prime number?
True
Is 2914259 composite?
True
Is 5359637 a prime number?
False
Is 1463701 prime?
False
Is 26647367 composite?
True
Is 193723 a composite number?
False
Is 233041885 prime?
False
Is 111165247 prime?
False
Is 19315129 a prime number?
True
Is 7331711 a composite number?
False
Is 1740499 composite?
False
Is 111287503 a prime number?
False
Is 157206853 composite?
False
Is 341645 a composite number?
True
Is 576947 a composite number?
True
Is 42455831 prime?
False
Is 17247629 prime?
False
Is 26580971 composite?
False
Is 397097119 a prime number?
True
Is 2619007 composite?
False
Is 915713 composite?
True
Is 100681349 composite?
False
Is 2312789 composite?
False
Is 2216587 prime?
True
Is 1956683 composite?
True
Is 97702897 a prime number?
True
Is 701556623 a prime number?
True
Is 2281127 prime?
True
Is 8040407 prime?
True
Is 982667 prime?
False
Is 6001481 composite?
True
Is 13447013 a composite number?
True
Is 77201591 a prime number?
True
Is 711793 composite?
False
Is 246396851 a composite number?
False
Is 3196559 prime?
True
Is 148964707 prime?
True
Is 13045217 a composite number?
False
Is 96313733 a prime number?
False
Is 530691569 composite?
False
Is 66061181 prime?
False
Is 68766451 composite?
True
Is 9003089 a prime number?
False
Is 43792319 a composite number?
False
Is 5288561 composite?
True
Is 2578019 a composite number?
False
Is 8649497 a composite number?
True
Is 10531877 prime?
True
Is 163429213 composite?
False
Is 1039123 a prime number?
False
Is 65365711 a composite number?
False
Is 357813823 composite?
True
Is 4511261 prime?
True
Is 23714207 prime?
False
Is 15005633 a prime number?
False
Is 159744617 a prime number?
True
Is 16349117 prime?
True
Is 3446029 a prime number?
True
Is 2653297 prime?
False
Is 105508255 prime?
False
Is 13828861 prime?
False
Is 24147551 a prime number?
True
Is 306919897 a prime number?
True
Is 5610743 a prime number?
True
Is 3807841 composite?
True
Is 1629359 composite?
False
Is 10667011 a prime number?
False
Is 43967251 prime?
False
Is 1922027 a prime number?
True
Is 547681 a composite number?
False
Is 26211649 a composite number?
True
Is 1485347 a prime number?
True
Is 197096933 prime?
False
Is 19133889 a prime number?
False
Is 14253454 prime?
False
Is 287012965 composite?
True
Is 4166257 a composite number?
False
Is 14464247 a prime number?
False
Is 5431141 a composite number?
False
Is 36548615 a composite number?
True
Is 2235791 a prime number?
True
Is 14301787 a composite number?
True
Is 343951 a composite number?
False
Is 6861677 composite?
True
Is 275751887 a prime number?
True
Is 102761 a composite number?
False
Is 11181827 a prime number?
True
Is 6138761 a prime number?
False
Is 127163551 composite?
False
Is 49411987 a composite number?
True
Is 173137 composite?
False
Is 2843647 a composite number?
True
Is 43267879 a prime number?
True
Is 1076333 a prime number?
False
Is 124329341 a composite number?
False
Is 66898681 a prime number?
False
Is 6618653 prime?
True
Is 614809 a prime number?
False
Is 13529003 a prime number?
True
Is 45119 a prime number?
True
Is 13792873 composite?
False
Is 8722169 prime?
True
Is 760433 prime?
True
Is 1280359 composite?
True
Is 12383017 prime?
True
Is 148207379 a composite number?
False
Is 11981829 composite?
True
Is 85527011 prime?
True
Is 64927181 a prime number?
False
Is 666679 prime?
False
Is 51206413 prime?
True
Is 81104423 a prim